{"id":1717,"date":"2026-05-06T11:54:42","date_gmt":"2026-05-06T10:54:42","guid":{"rendered":"https:\/\/bihar.eus\/hitzaldiak\/conference\/"},"modified":"2026-07-28T10:12:16","modified_gmt":"2026-07-28T09:12:16","slug":"conference","status":"publish","type":"hitzaldiak","link":"https:\/\/bihar.eus\/fr\/hitzaldiak\/conference\/","title":{"rendered":"Conf\u00e9rence"},"content":{"rendered":"<p>Le projet BIHAR et la r\u00e9flexion sur les r\u00e9cits de revitalisation des langues<\/p>\n","protected":false},"featured_media":0,"menu_order":2,"template":"","class_list":["post-1717","hitzaldiak","type-hitzaldiak","status-publish","hentry"],"acf":{"ordua":"16:30-17:00","ekintza_mota":"hitzaldia","hizlaria":"Xan Aire Hasket","hizlariak":[2639],"lanpostua":"(communaut\u00e9 linguistique basque\/ Plazara)","tokia":"bilbao","data":"20260923"},"_links":{"self":[{"href":"https:\/\/bihar.eus\/fr\/wp-json\/wp\/v2\/hitzaldiak\/1717","targetHints":{"allow":["GET"]}}],"collection":[{"href":"https:\/\/bihar.eus\/fr\/wp-json\/wp\/v2\/hitzaldiak"}],"about":[{"href":"https:\/\/bihar.eus\/fr\/wp-json\/wp\/v2\/types\/hitzaldiak"}],"acf:post":[{"embeddable":true,"href":"https:\/\/bihar.eus\/fr\/wp-json\/wp\/v2\/hizlaria\/2639"}],"wp:attachment":[{"href":"https:\/\/bihar.eus\/fr\/wp-json\/wp\/v2\/media?parent=1717"}],"curies":[{"name":"wp","href":"https:\/\/api.w.org\/{rel}","templated":true}]}}

Conférence

<p>Le projet BIHAR et la réflexion sur les récits de revitalisation des langues</p>

(communauté linguistique basque/ Plazara)
