{"id":2683,"date":"2026-07-27T11:36:55","date_gmt":"2026-07-27T10:36:55","guid":{"rendered":"https:\/\/bihar.eus\/hitzaldiak\/dialogo-performativo-2\/"},"modified":"2026-07-27T11:36:55","modified_gmt":"2026-07-27T10:36:55","slug":"dialogo-performativo-2","status":"publish","type":"hitzaldiak","link":"https:\/\/bihar.eus\/es\/hitzaldiak\/dialogo-performativo-2\/","title":{"rendered":"Di\u00e1logo performativo"},"content":{"rendered":"<p><strong>Programaci\u00f3n simult\u00e1nea<\/strong><br \/>\nLa danza comunitaria como clave para vivir en nuestras lenguas en el siglo XXI La danza comunitaria como clave para vivir en nuestras lenguas en el siglo XXI .mendean gure hizkuntzetan bizitzeko giltza: Iru\u00f1etik Mundura<\/p>\n","protected":false},"featured_media":0,"menu_order":16,"template":"","class_list":["post-2683","hitzaldiak","type-hitzaldiak","status-publish","hentry"],"acf":{"ordua":"15:30-17:00 ","ekintza_mota":"hutsa","hizlaria":"1.Aritz Iba\u00f1ez Lusarreta (comunidad ling\u00fc\u00edstica vasca\/ Duguna \u2013 Iru\u00f1eko dantzariak) \/ M\u00fasico: Mixel Etxekopar","hizlariak":"","lanpostua":"","tokia":"irun","data":"20260924"},"_links":{"self":[{"href":"https:\/\/bihar.eus\/es\/wp-json\/wp\/v2\/hitzaldiak\/2683","targetHints":{"allow":["GET"]}}],"collection":[{"href":"https:\/\/bihar.eus\/es\/wp-json\/wp\/v2\/hitzaldiak"}],"about":[{"href":"https:\/\/bihar.eus\/es\/wp-json\/wp\/v2\/types\/hitzaldiak"}],"wp:attachment":[{"href":"https:\/\/bihar.eus\/es\/wp-json\/wp\/v2\/media?parent=2683"}],"curies":[{"name":"wp","href":"https:\/\/api.w.org\/{rel}","templated":true}]}}

Diálogo performativo

<p><strong>Programación simultánea</strong><br />
La danza comunitaria como clave para vivir en nuestras lenguas en el siglo XXI La danza comunitaria como clave para vivir en nuestras lenguas en el siglo XXI .mendean gure hizkuntzetan bizitzeko giltza: Iruñetik Mundura</p>

1.Aritz Ibañez Lusarreta (comunidad lingüística vasca/ Duguna – Iruñeko dantzariak) / Músico: Mixel Etxekopar
